hat is the hundreds digit of g?
1
Let o(l) = 84*l**2 + 16*l - 3. What is the hundreds digit of o(2)?
3
Suppose 5*f = f + 96. Let b = 23 - f. Let g(k) = 21*k**2 - 2*k - 1. What is the units digit of g(b)?
2
Let c(a) = 2*a - 6. Let b be c(0). Let y(f) = -13*f - 6. What is the tens digit of y(b)?
7
Let z be 0/(30/(-25) + 4/(-5)). Suppose 2*r + 0*t + 4*t - 216 = z, -5*t + 25 = 0. What is the units digit of r?
8
Suppose 6 = z - 14. Let g = z + -1. What is the units digit of g?
9
What is the units digit of (-8486)/(-2)*(-18 + 35 - 16)?
3
Let i(w) = 39*w - 70. What is the units digit of i(35)?
5
Suppose 0 = 5*k - 9*k + 16. Let s(u) = -u**3 + 4*u**2 + 3. Let l be s(k). Suppose -g = 5*o - 56, -2*o - l*o = -3*g - 72. What is the units digit of o?
2
Let o(m) = -m**2 + 7*m - 4. Let y be o(10). Let z be 4/(-12) + y/(-3). Suppose 17 = 5*n - 2*a - z, 4*n + 5*a + 4 = 0. What is the units digit of n?
4
Suppose -79*q + 85*q - 534 = 0. What is the units digit of q?
9
Suppose -2*a + 3*l - 1 = 0, 2*a + 0*a = -2*l + 14. Let f be a + -5 + (-1 - 0). What is the units digit of (3 - f)*(-3 - -4)?
5
Suppose x + 4*k = -17, -x - 4*k = -2*k + 7. Suppose x*l + 2*n = -3, -l + 6*l = n - 18. What is the tens digit of (-11)/l*(-4 + 10)?
2
Let f(j) = j + 2. Let t be f(3). Suppose 21 = -t*s + 171. What is the tens digit of s?
3
Let c(z) = 3*z**2 - 3 + 4 + 0. Let m be c(2). Suppose 0*t = t - 4*f + m, 4*t = -3*f + 24. What is the units digit of t?
3
Let b = 18 - 9. Suppose 2*f - b = 17. What is the tens digit of f?
1
Let n be (-1)/(-7) + (-1)/7. Suppose n = -0*l + l. Suppose -2*z + 0 + 4 = 0, -3*v + z + 88 = l. What is the tens digit of v?
3
Suppose -723 = -8*m + 893. What is the units digit of m?
2
Suppose 93115 = 53*x + 24215. What is the tens digit of x?
0
Suppose 16*b = 2*b + 5124. What is the hundreds digit of b?
3
Let h(x) = -x + 2. Suppose -3*d + 2*o = 19, 0 = -2*d - 4*o - 1 - 1. Let i be h(d). Suppose i + 2 = w. What is the units digit of w?
9
Let h = 24 + 125. What is the hundreds digit of h?
1
Let t = -748 - -1188. What is the hundreds digit of t?
4
Suppose -36*k + 40*k = -2*u + 4508, -3*u - 12 = 0. What is the thousands digit of k?
1
Suppose -39*m + 31*m = -6640. What is the units digit of m?
0
Suppose 0 = 3*x - 6*x + 168. Let t(w) = w**3 + 6*w**2 + 2*w - 14. Let b be t(-6). Let l = b + x. What is the units digit of l?
0
Suppose -8*k + 6*k + 5*l + 1449 = 0, 2890 = 4*k - 2*l. What is the hundreds digit of k?
7
Suppose -4*q + 3*t + 541 = q, 2*t - 116 = -q. Suppose 47*p = 45*p + q. What is the units digit of p?
5
Let u be (-7)/(-35) + (-11)/5. What is the units digit of 5*(u + (-10)/(-2))?
5
Let i(g) = -g**2 - 14*g + 21. Let m be i(-15). Suppose 0 = -m*f + f + 200. What is the units digit of f?
0
Let s(d) = d - 17. Let w be s(21). What is the hundreds digit of w/12 - 212/24*-26?
2
Suppose -x + 5 = -2*x, 0 = -5*s - 4*x + 715. Let k = s + -67. What is the units digit of k?
0
Let o(n) = n**2 + 12*n + 15. Let z be o(-12). Let c be ((-4)/5)/((-3)/z). What is the tens digit of 39 + 1 - (-8)/c?
4
Let l = 302 - 175. What is the tens digit of l?
2
What is the units digit of (-2 - (-24)/8)*1941?
1
Suppose j = -2*c - 0*j + 1, 4 = 4*j. Let y be (-3)/1 - (-1 - c). What is the units digit of (222/(-12))/(1/y)?
7
Suppose -20 = -5*r, -2*k - 17 = r - 73. Let c be (-2)/(-3) - 236/3. What is the units digit of (-121)/(-3) + k/c?
0
Suppose -10 + 34 = -8*g. What is the tens digit of 15 - (6/g)/((-1)/2)?
1
Let t(w) = 4*w**2 - 2*w + 1. Let q be t(1). Let g be (-2)/q*(-84)/8. What is the tens digit of 2/g - 272/(-28)?
1
Let d = 190 + 261. What is the units digit of d?
1
Let u(y) = -y**2 - 8*y + 10. Let a be u(-7). Suppose -5*q - a = 5*w - 2, -q = -5*w + 3. Suppose w = 2*s - 5*s + 18. What is the units digit of s?
6
Let f(p) = -3*p**3 - 6*p**2 - 4*p + 16. What is the hundreds digit of f(-9)?
7
Suppose -4*v + 27 - 7 = 0. Let y(i) = -i**2 + 6*i - 3. Let k be y(v). Suppose 0 = -3*p - p + k*g + 94, -3*p + 69 = -g. What is the tens digit of p?
2
Let f be (-346)/(-14) - 2/(-7). Let c = f - -22. Let m = 117 - c. What is the units digit of m?
0
Let j = 14 + -5. Let s(x) = -x**2 + 10*x - 1. Let b be s(j). Suppose 5*r = 3*w + 36, 4*r + 3*w - b*w - 34 = 0. What is the units digit of r?
6
Let s(d) be the second derivative of d**2 - 1/12*d**4 + 5*d + 11/6*d**3 + 0. What is the units digit of s(5)?
2
Suppose -p + 3*p + 6 = 0, 0 = 5*f + 2*p - 1179. What is the units digit of f?
7
Suppose -4*n = -a + 219, 19 + 6 = 5*n. Suppose 3*f = -f - v + a, 5*f - 5*v - 305 = 0. What is the units digit of f?
0
Let d be 2 + 12/4 + 8. Suppose 2*v + 0 = 2*k + 4, 2*v - d = -k. Suppose 0 = -v*w + w + 36. What is the units digit of w?
9
Let u = 394 + -202. Let m(f) = -9*f - 2. Let k be m(2). What is the units digit of u/5 - 12/k?
9
Let o = 167 + -162. Suppose -2*x + 111 = 39. Let f = x - o. What is the tens digit of f?
3
Suppose -2*t - 36 = -6*t. Let g(q) = 155*q - 3. Let k be g(t). What is the units digit of (1/3)/(16/k)?
9
Suppose 17*t + 797 - 3976 = 0. Suppose 5*x = 4*o - t, 0 = -2*o - 0*x + x + 89. What is the units digit of o?
3
Suppose -537*g = -539*g + 968. What is the units digit of g?
4
Suppose 7*s + 0 = 14. What is the units digit of 6/s*4*13/2?
8
Let i = -3 + 72. Suppose 11*b = 14*b - i. What is the units digit of b?
3
What is the hundreds digit of 2*(-9 - -6)*87*-1?
5
What is the units digit of 15/(-3) - 1455/(-5)?
6
Suppose 2*c = 2*n + 20, 4*c + n = -2*n + 12. What is the units digit of -3 + 2 - (-348)/c?
7
Suppose 62 + 41 = y. Let q = y - -29. Suppose 5*w - 62 = -3*l + 103, 4*w - 4*l - q = 0. What is the tens digit of w?
3
Suppose s - 2*s = 0. Suppose -g + 2*g - 4 = s. Suppose 4*o + 36 = g*k - 24, 2*k + 4*o = 36. What is the tens digit of k?
1
Let l(w) be the third derivative of 6*w**2 + 0*w + 3/8*w**4 + 0 + 1/3*w**3. What is the tens digit of l(3)?
2
Let s(g) = -g**3 - g**2 + 2*g + 811. What is the tens digit of s(0)?
1
Let o(r) = 2*r**3 - r**2 - 1. Let g be o(3). Let c = g + 13. Let x = c + -36. What is the units digit of x?
1
Suppose -12*m + 892 = 5*j - 9*m, m = -1. What is the units digit of j?
9
Let j(z) = -2*z + z**2 - z + 2*z + 7*z - 11. Let n be j(-8). Suppose -53 = -4*f - n. What is the tens digit of f?
1
What is the tens digit of -2*(-1)/(-14) + 2354/14?
6
Let f(r) = -37*r - 207. What is the units digit of f(-12)?
7
Suppose 0 = -5*m + 3654 + 4736. What is the tens digit of m?
7
What is the units digit of (-5382)/(-15) + (-7)/(-35)?
9
What is the tens digit of 10697/15 - 42/315?
1
Let l(w) = -w**3 + 6*w**2 - w + 3. Let a be l(4). Suppose 4*q - 1 = v - 72, -v = 4*q - a. What is the units digit of v?
1
Let z = -55 - -28. Let o be (-3 - z/6)*2. Let x(k) = 5*k**2 + 3*k - 7. What is the units digit of x(o)?
7
Let b be -1 - 0 - (4 + -9). Suppose -n - b*h + 73 = 4*n, n - 23 = -5*h. What is the units digit of n?
3
Let a be (-1 + 106)*(-13)/(-39). Let s = 13 - 29. Let u = s + a. What is the units digit of u?
9
Suppose 4*a + 11 = 19. Suppose -a*o + 5*x + 46 = -6, 4*x = o - 29. What is the units digit of o?
1
Suppose -40*h = -9993 - 46367. What is the units digit of h?
9
Let j = -14 - -168. What is the units digit of j?
4
Suppose 9 + 7 = 4*o. Suppose t + o = f, -3*f = -f. What is the units digit of 228/84 - t/14?
3
Suppose -2*w + 4*f = -44, -76 = -4*w - 0*w + 5*f. Suppose w*u - 222 = 11*u. What is the tens digit of u?
7
Suppose 3*f = -f + 24. What is the tens digit of 70/4 + f/12?
1
Let i = -1607 + 2407. What is the hundreds digit of i?
8
Let o = 34 + -31. Let n(y) = -9*y - o + 1 - 12 - 1. What is the tens digit of n(-8)?
5
What is the hundreds digit of -383*(-9 + 6) - 2?
1
Let z(g) = g**2 + 4*g - 6. Let b(j) = -2*j**2 - 3*j + 5. Let i(h) = -2*b(h) - 3*z(h). What is the tens digit of i(7)?
1
What is the thousands digit of (-71672)/(-18) - 17 - (-4)/18?
3
Let o be (-72)/(-4)*1 - -3. Let d = o - -20. Suppose w - i = d, i + 161 = 5*w - w. What is the tens digit of w?
4
Let g(d) = 2*d - 2. Let q be g(2). Suppose 75 = v + 2*o + 2*o, -q*v - 4*o = -134. What is the tens digit of v?
5
Suppose -h + t + 2568 = -104, 5*t + 10687 = 4*h. What is the units digit of h?
3
Let v(r) be the first derivative of 23*r**3/3 - r**2/2 - 9. Let f be v(-2). Let h = f + -65. What is the tens digit of h?
2
Suppose w - 457 = -2*n + 29, 3*n = 5*w 